.
-10
Let o(c) = 3*c**2 + 1 + 39*c - 39*c. Suppose 0 = 2*w - 0*w - 40. Suppose 4*p = -3*l + 19, 5*p - w = -6*l + 3*l. Calculate o(p).
4
Let b(v) = -v**3 + 3*v**2 + 5*v - 3. Let f(l) be the second derivative of l**3/6 - 2*l**2 - 9*l. Let d be f(8). What is b(d)?
1
Suppose 2*i - t = 0, -t = -5*i + 41 - 38. Let m(h) = -10*h**3. Determine m(i).
-10
Let u(p) = -3*p**2 - 1257*p**3 + 11*p - 1250*p**3 + 2506*p**3 + 4. Give u(-5).
-1
Let c(f) = -315 - 5*f**2 + 149 - f**2 - 14*f + 159 + 5*f**2. Give c(-13).
6
Let p(x) = x**3 - 5*x**2 - 3*x + 3. Suppose 6 = 4*u + 30. Let r be (u - -4) + -1 + 8. Give p(r).
-12
Let u(h) = -h**2 + h - 5. Let w be 119/28 + 1/(-4). Suppose -l = w*l. Let i = 0 - l. Determine u(i).
-5
Let i(p) be the third derivative of -p**5/60 - p**4/4 - p**3/3 - 416*p**2. Let y be (1 - 2) + 5*-1. What is i(y)?
-2
Suppose -3*x + 54 = 21. Suppose 0 = m + 2*l - 14, x = m - 2*m + 3*l. Let j(s) = 2*s + 5. Determine j(m).
13
Let m(n) = 0*n + 3*n + 2 - n. Suppose -32*d = -15*d + 51. Give m(d).
-4
Let x(w) = 3*w - 1 - w**2 - 1 + 0 + 1. Let c be 2/(-13) - (-28)/13. Calculate x(c).
1
Let h = -417 - -422. Let j(m) = 3*m - 3. Give j(h).
12
Let s(o) = -3*o**2 + 4*o + 3. Let t(l) = -13*l**2 + 15*l + 11. Let u(v) = 9*s(v) - 2*t(v). Let k = -1014 + 1019. Determine u(k).
10
Suppose -3*z + 44 - 8 = 3*v, 4*v - 24 = 2*z. Let q = -7 + v. Suppose -x + 5*x = 5*k - q, 0 = k - 4*x - 13. Let n(r) = r**3 + 3*r**2 - 4*r - 2. What is n(k)?
10
Let l = 327 - 227. Let n = -108 + l. Let f(u) = -u**3 - 9*u**2 - 6*u - 7. Calculate f(n).
-23
Let k(d) = d**2 - 2. Let c(u) = 2*u**2 + 18*u + 28. Let n(i) = c(i) - k(i). Calculate n(-16).
-2
Let b(u) = -24*u**3 - u**2 + 2*u + 7. Let c(h) = -2*h**3 + h + 2. Let q(j) = -b(j) + 3*c(j). Let g be 0 - (2 - 3/1). Calculate q(g).
19
Let p be (230/15 + -15)/((-1)/33). Let f(a) = 5*a + 47. What is f(p)?
-8
Let z = 31 - 24. Let m(y) = -9*y - 1. Let o(u) = 5*u. Let t(l) = z*o(l) + 4*m(l). Let h(a) = a**3 - 7*a**2 + 5*a + 3. Let d be h(6). Determine t(d).
-1
Let h(c) = -c + 6. Suppose 5*k = 3*k - 20. Let g = 16 + k. Give h(g).
0
Let l(b) be the third derivative of -b**6/120 + b**5/12 - b**4/24 + 2*b**3/3 - 189*b**2. What is l(5)?
-1
Let m be 9/(1 + 3 + -1). Suppose 0 = i - m. Let v(a) = -a**3 + 3*a**2 + a - 4. Calculate v(i).
-1
Let n(y) = y**3 - 4*y**2 - 3*y - 5. Let c be 30/(-10) - (-1 + -1 - 29). Suppose -12 = -3*v, v - c = -4*f - v. Determine n(f).
5
Let a be 4/(-8) - (3/(-2) + -1). Let o(c) = 3 - 5*c**a + c**2 + 3*c**2 + 6*c + 2*c**2. Determine o(-6).
3
Let a = 320 - 320. Let i(m) = -m - 11. Determine i(a).
-11
Let w(o) = o**3 + 8*o**2 + 9*o + 4. Let s be w(-6). Let j(h) = 2 - 16*h**2 - 4 + s*h**2 + 4*h - 7*h**2. Give j(6).
-14
Let a(c) = -c**3 - 9*c**2 - 2 + 9*c**2 + 4*c**2 + 2*c**2. Calculate a(6).
-2
Let y(p) = -5*p - 5. Let u = 299 - 305. Calculate y(u).
25
Let i(q) = -6*q**2 - 3*q + 1. Suppose 140 - 54 = -43*n. What is i(n)?
-17
Suppose -5*q = 5*y - 30, -9*y + 7*y + 4 = -2*q. Let m(r) = -8*r + 10. Give m(q).
-6
Let o(l) = 5*l - 5*l - 4*l + 3*l + 1. Let j(b) = 4 + b - 3 - 2 + 5*b**2 + 0*b + b**3. Let x be j(-5). Calculate o(x).
7
Let v(u) = 2*u. Let k(z) = -10*z - 3. Let j(y) = k(y) + 6*v(y). Determine j(5).
7
Let w = 858 + -557. Let v(y) = w - 153 - 4*y - y**2 - 152. Determine v(-3).
-1
Let k(h) = -33*h - 5 - 33*h - 5 + 65*h. Let s be k(-11). Let f(l) = 4*l**3 + l - 1. Determine f(s).
4
Let y = 6 - 9. Let x be 65/10 + y/(-6). Let z(o) = -o + 8. Determine z(x).
1
Let x(b) = -b**2 + 30*b**2 + 11*b - 30*b**2 - 10. Determine x(8).
14
Let g(q) = -q**3 - 12*q**2 + q - 9. Let k(s) = -2*s**3 - 41*s**2 - 53*s + 64. Let z be k(-19). Calculate g(z).
-21
Let l(v) = -v**2 - 11*v - 10. Suppose -10 = 17*p - 16*p. Give l(p).
0
Let h be ((-1 - -1) + 0)/(-1). Let j be 2/(-3)*(5 + -11). Let r(f) = 4*f + j*f - 3 - 7*f. What is r(h)?
-3
Suppose -j - 5 = -g - 4, 3*g + j = 11. Let b(v) = -g*v - v - 1 + 3*v. Let n be ((-2)/12)/((-9)/(-54)). Calculate b(n).
0
Let c be 1 + 11 + 4 + 0 + -3. Let a(d) = -9*d - c - 148*d**2 + 3 + 147*d**2. Calculate a(-7).
4
Let w(v) be the second derivative of -v**3/6 - 11*v**2/2 + 4*v. Let x(d) = -2*d**2 + 11*d - 3. Let l be x(5). Let k be (-19)/38 - 9/l. What is w(k)?
-6
Let q = -56 - -59. Suppose -2*g - s = -q, 27 = g + 3*g - 5*s. Let k(a) = a**3 - 5*a**2 + 3*a - 1. Determine k(g).
-10
Let f(h) = -h**2 - 7*h - 2. Suppose 5 = v + 4. Let t be -2 + 8 - v - 12. Calculate f(t).
-2
Let c(j) = -77 - 19*j - 81 + 264 - 92 + 2*j**2. Give c(8).
-10
Suppose j = 3*a + 2, a = -0 - 1. Let m(q) = q**2 - q. Let n(p) = -1. Let c(v) = j*m(v) - 3*n(v). Calculate c(0).
3
Let p(t) be the third derivative of 10*t + 1/24*t**4 - 1/10*t**5 + t**3 - 1/120*t**6 - 2*t**2 + 0. Calculate p(-6).
0
Let k be ((-30)/(-18))/(2/6). Suppose 0 = l + 4. Let y(z) = 5*z**2 - 8*z - 5. Let b(d) = -6*d**2 + 9*d + 6. Let o(p) = l*b(p) - 5*y(p). Calculate o(k).
-4
Let y(j) = -16 + 5 - 25 + 7 - 11*j. Let x(w) = 4*w + 10. Let b(k) = -17*x(k) - 6*y(k). Calculate b(4).
-4
Let c be (-1 - 1)*(-285)/60*2. Let t(b) = b - 17. Calculate t(c).
2
Let i = 4 - 2. Let n(d) = -2. Let f(b) be the second derivative of b**3/6 - b**2/2 - 23*b. Let q(u) = i*f(u) - 3*n(u). What is q(4)?
12
Let u be 15/6 - 6/12. Let h(o) = -18*o + 9*o + o**u + 2 - 1. Give h(7).
-13
Let o(a) = -a**3 - 7*a**2 + 3*a - 11. Let z(c) = -2*c**3 - 12*c**2 + 5*c - 21. Let v(n) = 5*o(n) - 3*z(n). Give v(0).
8
Let o(h) = -h**2 + 11 - 22 + 0*h**2 + 11 + 8. What is o(0)?
8
Let j be ((-6)/(-4))/(6/8). Let o(r) = -r**2 - r + 7. Let v(n) = -1. Let c(p) = -o(p) - 6*v(p). What is c(j)?
5
Let k(l) = 7*l - 1. Let x(m) = 6*m**2 - 1. Let u be x(-2). Let v = u + -22. Calculate k(v).
6
Let p(d) be the third derivative of -d**6/120 - d**5/60 + 13*d**3/6 - 28*d**2. Determine p(0).
13
Let x(f) be the first derivative of 2*f**3/3 + 3*f**2 + 2*f + 47. Calculate x(-4).
10
Let j(x) = 12*x - 69. Let r(g) = 4*g - 23. Let p(b) = -4*j(b) + 11*r(b). Determine p(5).
3
Let q(v) = -3*v + 0*v + 0*v**2 - 2*v + v**2. Suppose 22 = 6*i - 2. Give q(i).
-4
Suppose -4*q = 5*k + 45, -k - 2*q - 536 + 521 = 0. Let d(u) be the third derivative of u**5/60 + u**4/3 + 2*u**3/3 + u**2. Determine d(k).
-11
Let a(s) = 21*s - 36. Let v(u) = 5*u - 8. Let o(m) = 2*a(m) - 9*v(m). Let p = 15 - 17. What is o(p)?
6
Let n(x) = -x + 1. Let c(i) = -3*i - 12. Let s(j) = 2*c(j) - 2*n(j). Determine s(-4).
-10
Let y(n) = -n**2 - 2*n - 12. Let t(o) = -2*o**2 - 3*o - 16. Let s(v) = -2*t(v) + 3*y(v). Give s(4).
12
Let r(c) = -c**3 + 6*c**2 + 2*c - 7. Suppose d + 0 = 8. Suppose -18 = -11*z + d*z. Give r(z).
5
Let b(d) be the third derivative of -3*d**4/4 + d**3/6 + 84*d**2. Calculate b(1).
-17
Let y(d) be the second derivative of -d**3/6 + 3*d**2 - 117*d. Determine y(4).
2
Let f(z) be the second derivative of -z**4/12 - z**3 + 3*z**2/2 - 10*z. Let l be (4 + 0)*2/(-4). Let g = l - 5. Determine f(g).
-4
Let n = 55 - 54. Let a(c) = c - c - n - 3*c - 7*c. What is a(-2)?
19
Let g(i) = i - 1. Suppose 0 = -2*l + 10, 5 = 5*b - 5*l - 0. Let h be ((-72)/b)/((-9)/6). Give g(h).
7
Let j = 1 + 0. Let t(q) = 15*q**3 + 7*q**2 + 4*q. Let m(z) = 31*z**3 + 16*z**2 + 9*z. Let x(r) = -4*m(r) + 9*t(r). Give x(j).
10
Let i(t) = -t**3 - t**2. Let p(r) = 4*r**3 + 14*r**2 - 13*r - 13. Let a(n) = -3*i(n) - p(n). What is a(-12)?
1
Let k(a) = 3*a**3 + 17*a**2 - 9*a + 9. Let d(y) = 5*y**3 + 26*y**2 - 13*y + 12. Let i(b) = -5*d(b) + 8*k(b). Calculate i(5).
2
Let w(h) = -h**2 - 5*h - 1. Suppose -2*q - 86 = n, 5*q - 2*n = -0*q - 206. Let l be 72/q - (-4)/(-14). Let t be -2 - (-3 + 5 - l). What is w(t)?
-7
Let p(q) = 2*q - 4*q**2 + 5 - 2*q**2 + q**2 + q**3. Let g be (-597)/398*(40/6)/(-2). Calculate p(g).
15
Let c(b) = 6*b**3 + 3*b**2 - 6. Let t(o) = -5*o**3 - 4*o**2 - o + 10. Let u(h) = 3*c(h) + 2*t(h). What is u(1)?
9
Let x(d) be the first derivative of 5*d**2/2 + 55*d + 571. Calculate x(-12).
-5
Let u(f) = f - 5 + 11 + 0*f**2 + 4*f**2 - 3*f**2. Suppose -2*r - 12 = -5*r - 4*d, -4*r = -5*d + 15. Give u(r).
6
Let m(f) = 11*f + 1. Let a(c) = -2*c. Let k = -9 - -7. Let d(x) = k*m(x) - 14*a(x). What is d(-2)?
-14
Let i(y) = -y + 1. Let k = 343 - 339. Determine i(k).
-3
Let q(z) = -7*z**3 + 3*z**2 + 8*z - 7. Let d(o) = -10*o**3 + 2*o**2 + 10*o - 7. Let c(l) = 2*d(l) - 3*q(l). Calculate c(5).
-13
Let v(u) be the first